{"id":947,"date":"2019-07-01T23:54:16","date_gmt":"2019-07-01T18:54:16","guid":{"rendered":"http:\/\/maple.northamericanmaple.org\/?page_id=947"},"modified":"2026-01-07T23:05:11","modified_gmt":"2026-01-07T18:05:11","slug":"state-provincial-associations","status":"publish","type":"page","link":"https:\/\/northamericanmaple.org\/index.php\/state-provincial-associations\/","title":{"rendered":"State &#038; Provincial Associations"},"content":{"rendered":"\n<p>There are 17 maple producer associations that belong to the North American Maple Syrup Council.<\/p>\n\n\n\n<p><strong>Canadian Maple Producer Associations<\/strong><br><a href=\"https:\/\/www.maplesyrupnb.com\/\" target=\"_blank\" rel=\"noreferrer noopener\">New Brunswick Maple Syrup Producers Association<\/a><br><a href=\"https:\/\/www.siropderablenb.com\/\" target=\"_blank\" rel=\"noreferrer noopener\">Association Ac\u00e9ricole du N.-B.<\/a><br><a href=\"http:\/\/www.novascotiamaplesyrup.com\/\" target=\"_blank\" rel=\"noreferrer noopener\">Maple Syrup Producers of Nova Scotia<\/a><br><a href=\"https:\/\/www.ontariomaple.com\/\" target=\"_blank\" rel=\"noreferrer noopener\">Ontario Maple Syrup Producers&#8217; Association<\/a><br><a href=\"https:\/\/ppaq.ca\/en\/\" target=\"_blank\" rel=\"noreferrer noopener\">Qu\u00e9bec Maple Syrup Producers<\/a><br><a href=\"https:\/\/ppaq.ca\/fr\/\" target=\"_blank\" rel=\"noreferrer noopener\">Les Producteurs et productrices ac\u00e9ricoles du Qu\u00e9bec<\/a><br><br><strong>United States Maple Producer Associations<\/strong><br><a href=\"https:\/\/ctmaple.org\" data-type=\"URL\" target=\"_blank\" rel=\"noreferrer noopener\">Connecticut Maple Producers Association<\/a><br><a href=\"http:\/\/www.indianamaplesyrup.org\/\" target=\"_blank\" rel=\"noreferrer noopener\">Indiana Maple Syrup Association<\/a><br><a href=\"http:\/\/www.mainemapleproducers.com\/\" target=\"_blank\" rel=\"noreferrer noopener\">Maine Maple Producers Association<\/a><br><a href=\"http:\/\/massmaple.org\/\" target=\"_blank\" rel=\"noreferrer noopener\">Massachusetts Maple Producers Association<\/a><br><a href=\"http:\/\/www.mi-maplesyrup.com\/\" target=\"_blank\" rel=\"noreferrer noopener\">Michigan Maple Syrup Association<\/a><br><a href=\"http:\/\/www.mnmaple.org\/\" target=\"_blank\" rel=\"noreferrer noopener\">Minnesota Maple Syrup Producers Association<\/a><br><a href=\"http:\/\/www.nhmapleproducers.com\/\" target=\"_blank\" rel=\"noreferrer noopener\">New Hampshire Maple Producers Association<\/a><br><a href=\"http:\/\/www.nysmaple.com\/\" target=\"_blank\" rel=\"noreferrer noopener\">New York State Maple Association<\/a><br><a href=\"http:\/\/www.ohiomapleproducers.com\/\" target=\"_blank\" rel=\"noreferrer noopener\">Ohio Maple Producers Association<\/a><br><a href=\"https:\/\/www.oregonmspa.org\" target=\"_blank\" rel=\"noreferrer noopener\">Oregon Maple Syrup Products Association<\/a><br><a href=\"http:\/\/pamaple.net\/\">Pennsylvania Maple Producers Council<\/a><br><a href=\"http:\/\/www.wismaple.org\/\" target=\"_blank\" rel=\"noreferrer noopener\">Wisconsin Maple Syrup Producers Association<\/a><br><a href=\"https:\/\/wvmspa.org\/\">West Virginia\u00a0Maple Syrup Producers Association<\/a><\/p>\n","protected":false},"excerpt":{"rendered":"<p>There are 17 maple producer associations that belong to the North American Maple Syrup Council. Canadian Maple Producer AssociationsNew Brunswick Maple Syrup Producers AssociationAssociation Ac\u00e9ricole du N.-B.Maple Syrup Producers of Nova ScotiaOntario Maple Syrup Producers&#8217; AssociationQu\u00e9bec Maple Syrup ProducersLes Producteurs et productrices ac\u00e9ricoles du Qu\u00e9bec United States Maple Producer AssociationsConnecticut Maple Producers AssociationIndiana Maple Syrup AssociationMaine Maple Producers AssociationMassachusetts Maple Producers AssociationMichigan Maple Syrup AssociationMinnesota Maple Syrup Producers AssociationNew Hampshire Maple Producers AssociationNew York State Maple AssociationOhio Maple Producers AssociationOregon Maple Syrup Products AssociationPennsylvania Maple Producers CouncilWisconsin Maple Syrup Producers AssociationWest Virginia\u00a0Maple Syrup Producers Association<\/p>\n","protected":false},"author":1,"featured_media":0,"parent":0,"menu_order":0,"comment_status":"closed","ping_status":"closed","template":"template-full-width.php","meta":{"footnotes":""},"class_list":["post-947","page","type-page","status-publish","hentry"],"_links":{"self":[{"href":"https:\/\/northamericanmaple.org\/index.php\/wp-json\/wp\/v2\/pages\/947","targetHints":{"allow":["GET"]}}],"collection":[{"href":"https:\/\/northamericanmaple.org\/index.php\/wp-json\/wp\/v2\/pages"}],"about":[{"href":"https:\/\/northamericanmaple.org\/index.php\/wp-json\/wp\/v2\/types\/page"}],"author":[{"embeddable":true,"href":"https:\/\/northamericanmaple.org\/index.php\/wp-json\/wp\/v2\/users\/1"}],"replies":[{"embeddable":true,"href":"https:\/\/northamericanmaple.org\/index.php\/wp-json\/wp\/v2\/comments?post=947"}],"version-history":[{"count":18,"href":"https:\/\/northamericanmaple.org\/index.php\/wp-json\/wp\/v2\/pages\/947\/revisions"}],"predecessor-version":[{"id":1485,"href":"https:\/\/northamericanmaple.org\/index.php\/wp-json\/wp\/v2\/pages\/947\/revisions\/1485"}],"wp:attachment":[{"href":"https:\/\/northamericanmaple.org\/index.php\/wp-json\/wp\/v2\/media?parent=947"}],"curies":[{"name":"wp","href":"https:\/\/api.w.org\/{rel}","templated":true}]}}